. What are the prime factors of a?
941
Let x(r) = -r**3 - 21*r**2 + 6. Let v be x(-23). Suppose -2*w - 2*k + v = 0, -w = 5*k - 8*k - 524. What are the prime factors of w/15 - ((-21)/(-9) - 2)?
5, 7
What are the prime factors of (-2 + 2074/(-6))/((-14)/126)?
3, 7, 149
Let c(s) = -3*s**3 - 12*s**2 - 17*s - 2. Let q be c(-8). Suppose 1 = a, 4*a - 26 = -3*r + q. What are the prime factors of r?
2, 7, 11
Let t = 414 - -10890. What are the prime factors of t?
2, 3, 157
Suppose 22 = -b + 29. Let f(i) = -i + 10. Let l be f(b). What are the prime factors of -177*l*(-4)/36?
59
Suppose -2*n + 14131 = a, -2643 = -2*n - 4*a + 11485. What are the prime factors of n?
2, 3533
Suppose 0 = -33*q + 125 + 7. Suppose -820 = -q*t - 612. What are the prime factors of t?
2, 13
Let j(a) = -a**3 + 8*a**2 - 7*a + 2. Let n be j(3). Suppose 18*m - n*m = 0. Suppose -2*s = -m*s - 334. List the prime factors of s.
167
Suppose 3*p + 0*p + 3*m - 171 = 0, -3*p = m - 179. Let z = p + -94. What are the prime factors of -1 - (-378)/22 - (-6)/z?
2
Let c be -6 + (21 - (8 - 1)). Suppose -c*j = -5323 - 3389. List the prime factors of j.
3, 11
Suppose -113*q = -109*q - 94644. What are the prime factors of q?
3, 11, 239
Suppose -2*r = 5*k - 104720, -3*k + 86456 = 5*r + 23624. List the prime factors of k.
2, 7, 11, 17
Suppose 0*b = 5*b - 2880. Let i = 64 + b. List the prime factors of i.
2, 5
Suppose 3*b = 5 + 40. Let t(n) = 2*n + 30*n**2 + b*n**2 - 4 + 3. List the prime factors of t(1).
2, 23
Let k(q) = 165*q**2 - 5*q - 11. Let d be k(4). Suppose -3*f + 781 = -d. List the prime factors of f.
2, 5, 113
Suppose -2*q + 787 = 3*g, -8*q + 5*q - 3 = 0. Let x = -89 + g. List the prime factors of x.
2, 3, 29
Let b(l) = l**2 - 18*l + 37. Let u be b(16). Suppose -2*c - 1 + u = 0. List the prime factors of (-4 - c)/(4/(-12)).
2, 3
Let d(c) = -5*c - 5. Let v be d(-2). Suppose 0 = -3*x + 7 + v. Suppose -5*a + x*a + 280 = 3*m, -a + 374 = 4*m. List the prime factors of m.
2, 47
Suppose 4*l - 793 = -2*y + 625, 350 = l + 5*y. Suppose 0 = 20*a - 9*a + 33. List the prime factors of l/4 - a/12.
89
Let c(u) = -2*u**3 + 13*u**2 + 13*u - 9. Let v be c(-9). Suppose -4*r = -g - 1919, r = -4*r + 4*g + v. List the prime factors of r.
13, 37
What are the prime factors of (7 - 9/((-756)/619346)) + 2/(-12)?
2, 3, 5, 41
Let o(c) = 3*c + 29. Let t be o(-8). Suppose 3*m = t*f + 2*m - 162, -m = -3*f + 96. What are the prime factors of 44/f*(-129)/(-2)?
2, 43
Suppose -3*g = -3*m + 12, -m - 12 = -4*m + 2*g. Suppose -m*l + 20 = l. Suppose j + 4*a = 3*a + 27, -l*a - 42 = -j. What are the prime factors of j?
2, 3, 5
Let g = 17304 + -6555. What are the prime factors of g?
3, 3583
Suppose 52 = -5*f + 3*c, -74*c - 20 = f - 77*c. List the prime factors of (25464/60)/(f/(-20)).
1061
What are the prime factors of 52510/1*18*(-16)/(-720)?
2, 59, 89
What are the prime factors of (5 - 5882/(-6))/((-10)/(-150))?
2, 5, 739
Suppose 48*g = 32*g + 102592. What are the prime factors of g?
2, 7, 229
Let b = -930 - -2336. Suppose 26*x - b = 1480. List the prime factors of x.
3, 37
Suppose s - 57 = 8*j - 7*j, 0 = 2*s + 5*j - 128. Suppose -339 = s*a - 62*a. List the prime factors of a.
113
Suppose 6454761 = 219*a + 2153382. What are the prime factors of a?
3, 6547
Suppose -5*b + 14 = 119. Let a = -21 - b. Suppose a = 4*u - 43 - 137. What are the prime factors of u?
3, 5
Let s = 279 + -283. List the prime factors of 2018/9 - 6/(-108)*s.
2, 7
Suppose -108*c + 229*c = 117*c + 139132. What are the prime factors of c?
7, 4969
Suppose -5*z - 327 = -1007. Suppose 0*m - 2 = -m + x, 3*m - 5*x - 6 = 0. Suppose s + 166 = 4*s + 2*p, z = m*s - 5*p. What are the prime factors of s?
2, 29
Let d(l) = -5*l**2 - 1273*l + 120. List the prime factors of d(-74).
2, 3, 3719
Let f(l) = -33*l**2 - 21. Let i be f(-4). Let z = i + 796. What are the prime factors of z?
13, 19
What are the prime factors of 6/10 + 0 + 2122*(-966)/(-105)?
7, 2789
Let o = 29514 + -20697. List the prime factors of o.
3, 2939
Let k(l) = 3*l**2 + 4*l + 6. Suppose -5*q - 81 - 270 = -2*c, 3*q = -2*c - 201. Let j = q - -63. List the prime factors of k(j).
2, 3, 5
Suppose 14 = -b + 5*z, -4*b + 2*z + 1 = 3. Let f be (b/2)/((22/140)/(-11)). Let g = f + 65. What are the prime factors of g?
2, 3, 5
Let f(d) be the first derivative of 5*d**3/3 + 37*d**2/2 + 72*d - 220. List the prime factors of f(-19).
2, 587
Suppose -25*r + 48*r - 30*r = -8967. List the prime factors of r.
3, 7, 61
Let v = 62110 + -14812. List the prime factors of v.
2, 3, 7883
Let c = 64539 + -36417. List the prime factors of c.
2, 3, 43, 109
Let w(v) = -4*v**2 - 15*v + 170. Let q(a) = 5*a**2 + 16*a - 173. Let h(g) = 5*q(g) + 6*w(g). List the prime factors of h(28).
659
Suppose l - x = 13044 + 2393, -3*x = -18. List the prime factors of l.
15443
Suppose 9 = -z + 4*z. Suppose -z*a + a = a. Suppose a*t - 4*t = -232. What are the prime factors of t?
2, 29
Let x = 29380 - 8324. List the prime factors of x.
2, 7, 47
List the prime factors of (-24)/8*1/(9/(-4098)).
2, 683
Let b(d) = -2*d**3 + d**2 + 2*d + 3. Let y be b(-1). Suppose -x = -f + 603 - 136, 2*x = -y. What are the prime factors of f?
3, 5, 31
Let b(s) = 2*s**3 - 46*s**2 + 81*s - 105. What are the prime factors of b(24)?
3, 997
Let m be (-1)/(2 + -3)*0. Suppose m = -2*x - 3*f + 170, 240 = -x + 4*x - 3*f. What are the prime factors of x?
2, 41
Suppose 129*u + 316866 = 195*u. List the prime factors of u.
4801
List the prime factors of ((-93852)/14)/((-56)/98 + 9/21).
2, 3, 11, 79
Suppose 172 = 7*a + 4. Let d(k) = -k**2 + 39*k - 1. Let x be d(a). Suppose 7*w - 425 = x. What are the prime factors of w?
2, 7
Let j(g) = 12 - 6*g + 3*g - 252*g**2 + 254*g**2. What are the prime factors of j(4)?
2
Let f be (2/9)/((-18)/(-162)). Suppose n = f*s + 116, -n - 3*s + 645 = 4*n. Suppose -n = -12*b + 6*b. List the prime factors of b.
3, 7
Let z = -214 + 218. Suppose 5455 = 3*k + 4*p, 2*k - 3638 = -z*p + 2*p. What are the prime factors of k?
3, 607
Suppose -2*q = 26*q - 532. Suppose 0 = f + 1, -q*b + 22*b = -f + 3815. List the prime factors of b.
2, 3, 53
Let t(x) = -3*x**2 + 77*x - 6. Suppose -10*q = -6*q + 3*d - 63, 3*q - d - 57 = 0. What are the prime factors of t(q)?
2, 3, 17
Let h be -4 - (-3 - 3) - -3. Suppose -4*x - 2 = -d + x, -h*x = 5*d + 20. What are the prime factors of 4/d*(-345)/10?
2, 23
Suppose -4 = i, 3*v = i + 3*i - 38. Let u(w) = w**3 + 19*w**2 + 15*w - 32. Let g be u(v). What are the prime factors of 760/(-6)*(-33)/g?
2, 5, 19
Let p(i) = -i**3 - 9*i**2 - 10*i - 6. Let c be p(-7). Let r be ((-32)/3)/(c/51). Suppose -11*m - 150 = -r*m. List the prime factors of m.
2, 3, 5
Suppose -9*n + 13*n - 4 = 0. Let p be 6*(n + 2/(-6))*8. Suppose 13*t + p = 14*t. What are the prime factors of t?
2
Let y(m) = -240*m - 1430. List the prime factors of y(-47).
2, 5, 197
Suppose p + 10*l = 13*l + 16, 0 = -4*p - 3*l + 34. What are the prime factors of 289/(6/p - 44/110)?
5, 17
Suppose j - 7 = 2*y, 4*j + 1 = 2*y + 5. Let q(b) = -b**2 - 50. Let i be q(0). List the prime factors of (6 - i) + j/1.
5, 11
Let s be 5*(-2)/(-5) + -14. Let w(l) = -l**3 - 10*l**2 + 16*l + 16. Let a be w(s). Let v = 220 - a. What are the prime factors of v?
2, 3
Let y(i) be the first derivative of -13*i**2 + 16 - 1/3*i**3 - 13*i. What are the prime factors of y(-15)?
2, 19
Let r be (-4)/((-36)/21 - (-2)/(-7)). Suppose -284 = -r*m - 3*d + 7, 5*m - 750 = -3*d. What are the prime factors of m?
3, 17
Let n(w) = -225*w - 3898. What are the prime factors of n(-45)?
13, 479
Suppose 0 = 5*j - 3*m - 88349, 20*j = 15*j + 5*m + 88355. What are the prime factors of j?
2, 7, 631
Suppose 807*k - 871*k = -435840. What are the prime factors of k?
2, 3, 5, 227
Suppose 12 = j + 3*j. Suppose -123*z + 326*z - 812 = 0. Suppose 5*d = -j + 23, z*d - 97 = -3*x. What are the prime factors of x?
3
Suppose -322 = -2*n - 4*s, -8*n - 173 = -9*n - 5*s. Let c = -122 + n. List the prime factors of c.
31
Let p(t) = 60*t + 7. Let h be p(1). Suppose 12 = -4*l, 3*r - h - 2444 = 3*l. List the prime factors of r.
2, 3, 139
Suppose 4*d + 9 - 65 = -4*x, -5*x = -3*d + 66. Let y(u) = -u**3 + 19*u**2 - 4*u - 33. List the prime factors of y(d).
3, 53
Let y(v) be the third derivative of 2*v**5/15 + 2*v**3/3 + 51*v**2. List the prime factors of y(-2).
2, 3
List the 